 + -276. Let q = 121 - t. Give r(q).
10
Let c(l) = 30*l**3 - 13*l - 22*l**2 - 53*l**3 + 22*l**3 - 4*l - 13 - 4*l. What is c(-21)?
-13
Let x = -21 + -4. Let m = 30 + x. Let v(g) = -2*g + 8 - 4*g**2 + m*g**2 + 3*g + 0*g. Determine v(0).
8
Let x(k) = -4*k**2 + 3. Suppose 0 = -4*w - 0*w + y + 2, -2*y - 4 = -3*w. Let j be -7*(2 - (w + 34/14)). Determine x(j).
-33
Suppose -172*y + 78 = -133*y. Let a(b) = 23*b**2 + 3*b + 2. Determine a(y).
100
Let f(j) = 1 - 142*j**2 + 129*j**2 + 0*j + 105*j**2 + 0*j. What is f(1)?
93
Let h(p) = 58 + 69 - 132 + 51*p + 90 - 41*p. What is h(-8)?
5
Suppose -71 = -k - 28. Let s = k + -41. Let w(a) = -2*a + 4*a**2 + a**3 + 4 + 0*a**3 + 4*a**s - 5*a**2. Give w(-4).
-4
Let k(r) = -458*r - 472*r + 1410*r + 2 - 468*r. Give k(3).
38
Let i(w) = 20*w + 248. Let b be i(-12). Let s(k) = 3*k + 15. Give s(b).
39
Let c(j) = -12*j + 13. Let n(z) = z**2 + z. Let o(d) = c(d) + n(d). Let t(v) = 4*v + 16. Let g be t(8). Let q = g - 39. What is o(q)?
-5
Let t(i) be the first derivative of i**2 - 25*i - 129. Let p be t(8). Let c(k) = -k**3 - 10*k**2 - 11*k. Calculate c(p).
18
Let m(p) = p**3 + 9*p**2 + 12*p + 5. Suppose 0 = 5*r + 5*l + 72 - 17, -6*l = 4*r + 52. What is m(r)?
19
Let f(q) be the second derivative of q**4/3 + 31*q**3/6 + 28*q**2 + 16*q + 16. Determine f(-4).
-4
Let c(y) be the third derivative of y**6/120 - 2*y**5/15 + 5*y**4/24 + y**3/2 + 36*y**2. Suppose -36 = -5*b - z, -2*z + 1 = -3*b + 20. Give c(b).
-11
Let s(a) = a**2 - a - 1. Let t(d) = -17*d**2 - d. Let h(n) = -s(n) - t(n). Suppose -q = -2*l - l + 1, q + 5 = 5*l. Suppose -6*j = -j + q. What is h(j)?
15
Let y = -106 + 85. Let r be (35/y)/((-2)/6). Let l(i) = -1973 - i**2 + 5*i + 3*i + 1968. What is l(r)?
10
Let j(b) = -b**2 - 10*b - 9. Suppose n = -141 + 346. Let a = n + -211. What is j(a)?
15
Suppose -c - 3 = -3*m, -3*c - 4*m + 56 = -0*m. Let h(z) = -2*z**2 - 15*z + 10. Let f(g) = -g**2 - g - 1. Let k(r) = 3*f(r) - h(r). What is k(c)?
-13
Let d(v) = -v**2 + 9*v - 2. Let s(h) = -10*h**2 + 58*h - 17. Let u be s(6). Let b be ((-58)/u)/((-2)/4 - -1). What is d(b)?
18
Let f(r) = 9*r - 111. Suppose 0 = -d - m + 19, -2*d + m - 10 = -5*m. Give f(d).
6
Let r(a) = -71*a**2 - 7*a - 11*a + 1 - 2 + 70*a**2. Calculate r(-21).
-64
Let y be -2*((-217)/14 - 2). Suppose -37*n = -30*n + y. Let p(u) = u + 8. What is p(n)?
3
Let g = 11 - 7. Let w = 3 - g. Let n(s) be the second derivative of 5*s**4/12 + s**3/6 + 39*s - 540. Calculate n(w).
4
Let q(m) be the third derivative of 0*m - 13/6*m**3 + 1/60*m**5 + m**2 - 1/8*m**4 + 27. Calculate q(6).
5
Let f(l) = 14*l + 160. Let g(i) = 148*i + 1691. Let j(h) = -53*f(h) + 5*g(h). Suppose 0 = -5*q - 56 - 4. Give j(q).
-1
Let y(h) = 2*h**3 + 24*h**2 - 9*h + 70. Let k(r) = -2*r**3 - 23*r**2 + 9*r - 59. Let m(t) = -5*k(t) - 4*y(t). What is m(-10)?
5
Let l(g) = 2*g**2 + 16*g + 17. Suppose 51*t - 2*t + 35 + 357 = 0. Calculate l(t).
17
Let d(j) = -j**3 - 5*j**2 - j + 4. Suppose -5*w + w + 28 = 0. Suppose -w*q - 12 = 9. What is d(q)?
-11
Let p(v) be the second derivative of v**5/20 + 7*v**4/12 + 3*v**3/2 + 5*v**2 + 6692*v. Give p(-4).
22
Let a(g) = g**3 - 14*g**2 + 42*g - 94. Suppose -17*i + 22*i + 4*y = 83, -5*i + 4*y = -27. What is a(i)?
5
Let w = -74 + 70. Let t(r) = 0 - 6 - 3*r**3 + 7 + 2*r + 3 + 3*r**2. Let a(m) = 7*m**3 - 6*m**2 - 5*m - 8. Let i(q) = 4*a(q) + 9*t(q). Determine i(w).
-4
Suppose -11*s = 18*s - 36*s + 7. Let f(p) = -17*p**2 - p + 3. Determine f(s).
-15
Let m(v) be the third derivative of v**5/4 + v**4/6 - v**3/6 + 1983*v**2. Calculate m(-2).
51
Let j = -27 - -30. Let y(c) = c**3 - 3*c**2 + 5*c - 19. Let v be y(j). Let x(o) = o**3 + 4*o**2 + 3*o - 2. Determine x(v).
-14
Let c(y) = -22*y**2 - 2291*y**3 - 2299*y**3 + 50*y - 29*y**2 + 6 + 4591*y**3. Give c(50).
6
Let l = -36 + 41. Suppose -6*q - l*f - 10 = -q, f + 8 = -4*q. Let k(n) = 4*n**3 - 3*n**2 + 1. Calculate k(q).
-43
Let t(i) = 16*i + 2. Suppose r - l + 49 = 0, 2*r + 88 = -5*l + 25. Let z(p) = 2*p**2 + 91*p + 130. Let q be z(r). Determine t(q).
-30
Let y be ((-3)/(-33))/(60/495*9). Let l(q) be the third derivative of 1/6*q**3 + 0*q - y*q**4 + 1/120*q**6 - 12*q**2 + 0 + 1/15*q**5. Calculate l(-4).
9
Let i(k) = -179*k - 186. Let t(u) = 624*u + 650. Let w(p) = 18*i(p) + 5*t(p). Determine w(-1).
4
Let x(s) = s**3 - 7*s**2 + 5. Suppose 8*l = 5*b + 51, -l + 3*b - 14 + 18 = 0. Calculate x(l).
5
Let b(z) = -z + 9. Let s(n) = -2*n + 20. Let p = 105 - 103. Let m(k) = p*s(k) - 5*b(k). Calculate m(7).
2
Suppose -5 = -5*b - 4*k, -7*b - k = -3*b + 7. Let x be (b - -4)*(0 - (-18)/(-3)). Let l(u) = -4*u - 2. Give l(x).
22
Let v(x) = -30*x**3 - 2*x**2 + 3. Let t(h) = -60*h**3 - 5*h**2 + 7. Let m(n) = 3*t(n) - 7*v(n). Suppose 0 = -28*f - 297*f - 51 - 274. Determine m(f).
-31
Let m(p) be the second derivative of p**5/20 + 5*p**4/12 + p**3/6 - 3*p**2/2 - 5260*p. Give m(-6).
-45
Let k be 45/(495/(-22))*2. Let c(w) = w**2 + 4*w + 8. Determine c(k).
8
Let h(a) = a**2 - 16*a - 8. Let q be ((-400)/175)/(4/(-28)). Let u be h(q). Let j(b) = b**3 + 8*b**2 - b - 6. Give j(u).
2
Let o(m) = 46 + 6*m + 10*m - 10*m + 51 - 17. Give o(-15).
-10
Let l be 21/(-6)*-7*(-48)/196. Let d(x) = -14*x - 81. Calculate d(l).
3
Let k(f) = f**3 - 13*f**2 + 13*f - 15. Let q(u) = -u**2 + 17*u + 38. Let g be q(19). Suppose g = -3*p - 2*w + w + 36, 3*p = 4*w + 36. Give k(p).
-3
Let s be (-1 + 23/(-5))*95/(-38). Let x(v) = v**3 - 15*v**2 + 15*v - 8. Let w be x(s). Let k(c) = -8*c + 2 + 0*c + 0*c - 5*c**2 + c**3 + 4. Give k(w).
-6
Let s(j) be the first derivative of j**4/12 + j**3/3 + j**2/2 + 36*j - 137. Let q(u) be the first derivative of s(u). Suppose 2 + 0 = b. Give q(b).
9
Let f = -24344 - -24338. Let m(w) = -w**2 + 2*w - 21. Determine m(f).
-69
Let h(f) = -f**2 + 3*f + 6. Let n(s) = s**2 - 4*s - 6. Let p = 28 - 35. Let z = p - -5. Let x(c) = z*h(c) - 3*n(c). What is x(6)?
6
Let h(j) = -4*j + 16 + 18 - 42 + 11 + j**2. Let a = 76 + -74. Give h(a).
-1
Let n(f) = f**2 + 32*f - 408. Let p be n(-42). Let q(d) = d**2 - 3*d + 10. Give q(p).
118
Let a(p) be the first derivative of -p**2/2 + 3*p - 416. Determine a(-5).
8
Let u(d) = -12*d - 55. Suppose -18*t + 2175 - 2247 = 0. Give u(t).
-7
Let g(u) = -19*u + 120. Let z be ((-1248)/(-91))/16 + 36/7. What is g(z)?
6
Let s = -162 - -206. Let a = s - 41. Let i(d) = d**3 - 3*d**2 - d + 4. Calculate i(a).
1
Let b = -3 - 0. Let j(v) = 233 + v**3 + 307 + 2*v**2 - 536. Determine j(b).
-5
Let v(g) = g**2 - 11*g. Suppose -209*j + 222*j = 143. Give v(j).
0
Suppose -4*d = 3*y + 32, 5*d - 30 = 5*y - 0*d. Let l = 7 + y. Let q be (-1 - -3)/(l/(-2)). Let p(c) = -c**2 + 3*c - 1. Calculate p(q).
-5
Let l(g) be the third derivative of -13*g**4/8 + 455*g**3/6 - 602*g**2 + 2*g + 3. Determine l(12).
-13
Suppose 38 - 41 = 3*c. Let q be (c + -5)*(-6)/4. Let l(r) = -q*r - 2 + 5*r + 0*r. Calculate l(2).
-10
Suppose -38*b + 14 = -31*b. Let z(s) = -236*s**b + s**3 + 241*s**2 + 6*s - 3*s + 11. Calculate z(-5).
-4
Let f(k) be the third derivative of -40*k**2 - 1/12*k**5 + 0*k + 0 + 1/12*k**4 - 1/3*k**3 - 1/120*k**6. Give f(-5).
-12
Let x(c) = 3*c**2 + 2*c**2 + c**2. Let k(g) = 2*g**3 - 18*g**2 + 258*g - 1937. Let n be k(8). Give x(n).
6
Let f(p) = 16 + 2*p - 30 + 9. Let b be f(4). Let g(x) = -b*x - 8*x + 8 + 16*x - 6*x. Calculate g(6).
2
Suppose 0 = 7*g - 6 + 34. Let u(h) = -15*h - 56. Let o(y) = 13*y + 49. Let q(x) = -7*o(x) - 6*u(x). Calculate q(g).
-3
Suppose -4*x - 2*r + 8 = 0, -4*r + 2*r = 5*x - 11. Suppose j + 5*m + 12 = 4*j, x*j + 2*m = -9. Let s(l) = 227123*l**2 - 3 + l + 3 - 227131*l**2. Give s(j).
-9
Suppose 0 = -5*p + 6*p + 7. Let q(b) be the third derivative of -b**4/8 - b**3/6 + 10*b**2 + 3*b. Calculate q(p).
20
Let j(p) be the third derivative of 0*p**4 + 1/60*p**5 + 0 + 1/60*p**6 + 0*p**3 + 0*p + 9*p**2. Let i be (-2)/1*(-2)/(-4). What is j(i)?
-1
Let z(q) be the third derivative of q**6/120 + q**5/6 + 25*q**4/24 + q**3 - 1857*q**2. Determine z(-5).
6
Suppose 5*n - 504 + 75 = -28*n. Let m(p) = -2*p**2 + 22*p + 31. Determine m(n).
-21
Let j(a) = -133*a + 2530. Let q be j(19). Let d(y) = -15*y + 32. What is d(q)?
-13
Let h(j) = 2*j - 4. Let z(s) = -17*s + 74. Let y(p) = -p**3 - 4*p**2 - 5*p - 2. Let k be y(-3). Let w be z(k). Calculate h(w).
8
Let a(l) = -9*l**3 - 1 + 401*l - 15*l**2 + 403*l + 45*l**2 